{"id":2701,"date":"2025-05-03T22:55:42","date_gmt":"2025-05-03T22:55:42","guid":{"rendered":"https:\/\/www.mascolab.com\/proto\/?post_type=product&#038;p=2701"},"modified":"2025-05-03T23:29:57","modified_gmt":"2025-05-03T23:29:57","slug":"micropipetas","status":"publish","type":"product","link":"https:\/\/www.mascolab.com\/proto\/producto\/micropipetas\/","title":{"rendered":"Micropipetas"},"content":{"rendered":"<p id=\"tw-target-text\" class=\"tw-data-text tw-text-large tw-ta\" dir=\"ltr\" data-placeholder=\"Traducci\u00f3n\" aria-label=\"Texto traducido: Aplicaciones t\u00edpicas: \u25cf Aspiraci\u00f3n y dispensaci\u00f3n precisas de muestras l\u00edquidas Caracter\u00edsticas: Su dise\u00f1o ergon\u00f3mico proporciona un buen agarre y, combinado con su peso ultraligero, permite un pipeteo sin fatiga. La baja fuerza requerida para el bot\u00f3n de control evita lesiones por esfuerzo repetitivo. El bot\u00f3n eyector, ubicado ergon\u00f3micamente, facilita la expulsi\u00f3n de la punta. Rango de volumen de dispensaci\u00f3n: 0,1 \u00b5l-10 ml. C\u00f3digos de color en la parte superior para identificar f\u00e1cilmente los diferentes rangos de volumen. La gran pantalla de volumen de 4 d\u00edgitos ofrece una alta precisi\u00f3n de hasta 0,002 \u00b5l. La ventana de visualizaci\u00f3n central facilita la lectura y el ajuste del volumen, tanto para zurdos como para diestros. El cono el\u00e1stico para puntas garantiza un sellado perfecto con las puntas y facilita su extracci\u00f3n. Cada pipeta est\u00e1 calibrada seg\u00fan la norma ISO 8655 y se env\u00eda con certificados de prueba individuales. El material duradero ofrece una excelente resistencia a la temperatura y a los productos qu\u00edmicos. La secci\u00f3n inferior se puede esterilizar en autoclave. F\u00e1cil de desmontar y mantener. Incluye una herramienta para una f\u00e1cil calibraci\u00f3n.\" data-ved=\"2ahUKEwic9OfbsIiNAxULgoQIHTLOHxoQ3ewLegQIDBAV\"><strong><span class=\"Y2IQFc\" lang=\"es\">Aplicaciones t\u00edpicas:<\/span><\/strong><\/p>\n<p class=\"tw-data-text tw-text-large tw-ta\" dir=\"ltr\" data-placeholder=\"Traducci\u00f3n\" aria-label=\"Texto traducido: Aplicaciones t\u00edpicas: \u25cf Aspiraci\u00f3n y dispensaci\u00f3n precisas de muestras l\u00edquidas Caracter\u00edsticas: Su dise\u00f1o ergon\u00f3mico proporciona un buen agarre y, combinado con su peso ultraligero, permite un pipeteo sin fatiga. La baja fuerza requerida para el bot\u00f3n de control evita lesiones por esfuerzo repetitivo. El bot\u00f3n eyector, ubicado ergon\u00f3micamente, facilita la expulsi\u00f3n de la punta. Rango de volumen de dispensaci\u00f3n: 0,1 \u00b5l-10 ml. C\u00f3digos de color en la parte superior para identificar f\u00e1cilmente los diferentes rangos de volumen. La gran pantalla de volumen de 4 d\u00edgitos ofrece una alta precisi\u00f3n de hasta 0,002 \u00b5l. La ventana de visualizaci\u00f3n central facilita la lectura y el ajuste del volumen, tanto para zurdos como para diestros. El cono el\u00e1stico para puntas garantiza un sellado perfecto con las puntas y facilita su extracci\u00f3n. Cada pipeta est\u00e1 calibrada seg\u00fan la norma ISO 8655 y se env\u00eda con certificados de prueba individuales. El material duradero ofrece una excelente resistencia a la temperatura y a los productos qu\u00edmicos. La secci\u00f3n inferior se puede esterilizar en autoclave. F\u00e1cil de desmontar y mantener. Incluye una herramienta para una f\u00e1cil calibraci\u00f3n.\" data-ved=\"2ahUKEwic9OfbsIiNAxULgoQIHTLOHxoQ3ewLegQIDBAV\"><span class=\"Y2IQFc\" lang=\"es\">\u25cf Aspiraci\u00f3n y dispensaci\u00f3n precisas de muestras l\u00edquidas<\/span><\/p>\n<p class=\"tw-data-text tw-text-large tw-ta\" dir=\"ltr\" data-placeholder=\"Traducci\u00f3n\" aria-label=\"Texto traducido: Aplicaciones t\u00edpicas: \u25cf Aspiraci\u00f3n y dispensaci\u00f3n precisas de muestras l\u00edquidas Caracter\u00edsticas: Su dise\u00f1o ergon\u00f3mico proporciona un buen agarre y, combinado con su peso ultraligero, permite un pipeteo sin fatiga. La baja fuerza requerida para el bot\u00f3n de control evita lesiones por esfuerzo repetitivo. El bot\u00f3n eyector, ubicado ergon\u00f3micamente, facilita la expulsi\u00f3n de la punta. Rango de volumen de dispensaci\u00f3n: 0,1 \u00b5l-10 ml. C\u00f3digos de color en la parte superior para identificar f\u00e1cilmente los diferentes rangos de volumen. La gran pantalla de volumen de 4 d\u00edgitos ofrece una alta precisi\u00f3n de hasta 0,002 \u00b5l. La ventana de visualizaci\u00f3n central facilita la lectura y el ajuste del volumen, tanto para zurdos como para diestros. El cono el\u00e1stico para puntas garantiza un sellado perfecto con las puntas y facilita su extracci\u00f3n. Cada pipeta est\u00e1 calibrada seg\u00fan la norma ISO 8655 y se env\u00eda con certificados de prueba individuales. El material duradero ofrece una excelente resistencia a la temperatura y a los productos qu\u00edmicos. La secci\u00f3n inferior se puede esterilizar en autoclave. F\u00e1cil de desmontar y mantener. Incluye una herramienta para una f\u00e1cil calibraci\u00f3n.\" data-ved=\"2ahUKEwic9OfbsIiNAxULgoQIHTLOHxoQ3ewLegQIDBAV\"><strong><span class=\"Y2IQFc\" lang=\"es\">Caracter\u00edsticas:<\/span><\/strong><\/p>\n<p class=\"tw-data-text tw-text-large tw-ta\" dir=\"ltr\" data-placeholder=\"Traducci\u00f3n\" aria-label=\"Texto traducido: Aplicaciones t\u00edpicas: \u25cf Aspiraci\u00f3n y dispensaci\u00f3n precisas de muestras l\u00edquidas Caracter\u00edsticas: Su dise\u00f1o ergon\u00f3mico proporciona un buen agarre y, combinado con su peso ultraligero, permite un pipeteo sin fatiga. La baja fuerza requerida para el bot\u00f3n de control evita lesiones por esfuerzo repetitivo. El bot\u00f3n eyector, ubicado ergon\u00f3micamente, facilita la expulsi\u00f3n de la punta. Rango de volumen de dispensaci\u00f3n: 0,1 \u00b5l-10 ml. C\u00f3digos de color en la parte superior para identificar f\u00e1cilmente los diferentes rangos de volumen. La gran pantalla de volumen de 4 d\u00edgitos ofrece una alta precisi\u00f3n de hasta 0,002 \u00b5l. La ventana de visualizaci\u00f3n central facilita la lectura y el ajuste del volumen, tanto para zurdos como para diestros. El cono el\u00e1stico para puntas garantiza un sellado perfecto con las puntas y facilita su extracci\u00f3n. Cada pipeta est\u00e1 calibrada seg\u00fan la norma ISO 8655 y se env\u00eda con certificados de prueba individuales. El material duradero ofrece una excelente resistencia a la temperatura y a los productos qu\u00edmicos. La secci\u00f3n inferior se puede esterilizar en autoclave. F\u00e1cil de desmontar y mantener. Incluye una herramienta para una f\u00e1cil calibraci\u00f3n.\" data-ved=\"2ahUKEwic9OfbsIiNAxULgoQIHTLOHxoQ3ewLegQIDBAV\"><span class=\"Y2IQFc\" lang=\"es\">*Su dise\u00f1o ergon\u00f3mico proporciona un buen agarre y, combinado con su peso ultraligero, permite un pipeteo sin fatiga.<\/span><\/p>\n<p class=\"tw-data-text tw-text-large tw-ta\" dir=\"ltr\" data-placeholder=\"Traducci\u00f3n\" aria-label=\"Texto traducido: Aplicaciones t\u00edpicas: \u25cf Aspiraci\u00f3n y dispensaci\u00f3n precisas de muestras l\u00edquidas Caracter\u00edsticas: Su dise\u00f1o ergon\u00f3mico proporciona un buen agarre y, combinado con su peso ultraligero, permite un pipeteo sin fatiga. La baja fuerza requerida para el bot\u00f3n de control evita lesiones por esfuerzo repetitivo. El bot\u00f3n eyector, ubicado ergon\u00f3micamente, facilita la expulsi\u00f3n de la punta. Rango de volumen de dispensaci\u00f3n: 0,1 \u00b5l-10 ml. C\u00f3digos de color en la parte superior para identificar f\u00e1cilmente los diferentes rangos de volumen. La gran pantalla de volumen de 4 d\u00edgitos ofrece una alta precisi\u00f3n de hasta 0,002 \u00b5l. La ventana de visualizaci\u00f3n central facilita la lectura y el ajuste del volumen, tanto para zurdos como para diestros. El cono el\u00e1stico para puntas garantiza un sellado perfecto con las puntas y facilita su extracci\u00f3n. Cada pipeta est\u00e1 calibrada seg\u00fan la norma ISO 8655 y se env\u00eda con certificados de prueba individuales. El material duradero ofrece una excelente resistencia a la temperatura y a los productos qu\u00edmicos. La secci\u00f3n inferior se puede esterilizar en autoclave. F\u00e1cil de desmontar y mantener. Incluye una herramienta para una f\u00e1cil calibraci\u00f3n.\" data-ved=\"2ahUKEwic9OfbsIiNAxULgoQIHTLOHxoQ3ewLegQIDBAV\"><span class=\"Y2IQFc\" lang=\"es\">*La baja fuerza requerida para el bot\u00f3n de control evita lesiones por esfuerzo repetitivo. <\/span><\/p>\n<p class=\"tw-data-text tw-text-large tw-ta\" dir=\"ltr\" data-placeholder=\"Traducci\u00f3n\" aria-label=\"Texto traducido: Aplicaciones t\u00edpicas: \u25cf Aspiraci\u00f3n y dispensaci\u00f3n precisas de muestras l\u00edquidas Caracter\u00edsticas: Su dise\u00f1o ergon\u00f3mico proporciona un buen agarre y, combinado con su peso ultraligero, permite un pipeteo sin fatiga. La baja fuerza requerida para el bot\u00f3n de control evita lesiones por esfuerzo repetitivo. El bot\u00f3n eyector, ubicado ergon\u00f3micamente, facilita la expulsi\u00f3n de la punta. Rango de volumen de dispensaci\u00f3n: 0,1 \u00b5l-10 ml. C\u00f3digos de color en la parte superior para identificar f\u00e1cilmente los diferentes rangos de volumen. La gran pantalla de volumen de 4 d\u00edgitos ofrece una alta precisi\u00f3n de hasta 0,002 \u00b5l. La ventana de visualizaci\u00f3n central facilita la lectura y el ajuste del volumen, tanto para zurdos como para diestros. El cono el\u00e1stico para puntas garantiza un sellado perfecto con las puntas y facilita su extracci\u00f3n. Cada pipeta est\u00e1 calibrada seg\u00fan la norma ISO 8655 y se env\u00eda con certificados de prueba individuales. El material duradero ofrece una excelente resistencia a la temperatura y a los productos qu\u00edmicos. La secci\u00f3n inferior se puede esterilizar en autoclave. F\u00e1cil de desmontar y mantener. Incluye una herramienta para una f\u00e1cil calibraci\u00f3n.\" data-ved=\"2ahUKEwic9OfbsIiNAxULgoQIHTLOHxoQ3ewLegQIDBAV\"><span class=\"Y2IQFc\" lang=\"es\">*El bot\u00f3n eyector, ubicado ergon\u00f3micamente, facilita la expulsi\u00f3n de la punta. <\/span><\/p>\n<p class=\"tw-data-text tw-text-large tw-ta\" dir=\"ltr\" data-placeholder=\"Traducci\u00f3n\" aria-label=\"Texto traducido: Aplicaciones t\u00edpicas: \u25cf Aspiraci\u00f3n y dispensaci\u00f3n precisas de muestras l\u00edquidas Caracter\u00edsticas: Su dise\u00f1o ergon\u00f3mico proporciona un buen agarre y, combinado con su peso ultraligero, permite un pipeteo sin fatiga. La baja fuerza requerida para el bot\u00f3n de control evita lesiones por esfuerzo repetitivo. El bot\u00f3n eyector, ubicado ergon\u00f3micamente, facilita la expulsi\u00f3n de la punta. Rango de volumen de dispensaci\u00f3n: 0,1 \u00b5l-10 ml. C\u00f3digos de color en la parte superior para identificar f\u00e1cilmente los diferentes rangos de volumen. La gran pantalla de volumen de 4 d\u00edgitos ofrece una alta precisi\u00f3n de hasta 0,002 \u00b5l. La ventana de visualizaci\u00f3n central facilita la lectura y el ajuste del volumen, tanto para zurdos como para diestros. El cono el\u00e1stico para puntas garantiza un sellado perfecto con las puntas y facilita su extracci\u00f3n. Cada pipeta est\u00e1 calibrada seg\u00fan la norma ISO 8655 y se env\u00eda con certificados de prueba individuales. El material duradero ofrece una excelente resistencia a la temperatura y a los productos qu\u00edmicos. La secci\u00f3n inferior se puede esterilizar en autoclave. F\u00e1cil de desmontar y mantener. Incluye una herramienta para una f\u00e1cil calibraci\u00f3n.\" data-ved=\"2ahUKEwic9OfbsIiNAxULgoQIHTLOHxoQ3ewLegQIDBAV\"><span class=\"Y2IQFc\" lang=\"es\">*Rango de volumen de dispensaci\u00f3n: Variable\u00a0<\/span><\/p>\n<p class=\"tw-data-text tw-text-large tw-ta\" dir=\"ltr\" data-placeholder=\"Traducci\u00f3n\" aria-label=\"Texto traducido: Aplicaciones t\u00edpicas: \u25cf Aspiraci\u00f3n y dispensaci\u00f3n precisas de muestras l\u00edquidas Caracter\u00edsticas: Su dise\u00f1o ergon\u00f3mico proporciona un buen agarre y, combinado con su peso ultraligero, permite un pipeteo sin fatiga. La baja fuerza requerida para el bot\u00f3n de control evita lesiones por esfuerzo repetitivo. El bot\u00f3n eyector, ubicado ergon\u00f3micamente, facilita la expulsi\u00f3n de la punta. Rango de volumen de dispensaci\u00f3n: 0,1 \u00b5l-10 ml. C\u00f3digos de color en la parte superior para identificar f\u00e1cilmente los diferentes rangos de volumen. La gran pantalla de volumen de 4 d\u00edgitos ofrece una alta precisi\u00f3n de hasta 0,002 \u00b5l. La ventana de visualizaci\u00f3n central facilita la lectura y el ajuste del volumen, tanto para zurdos como para diestros. El cono el\u00e1stico para puntas garantiza un sellado perfecto con las puntas y facilita su extracci\u00f3n. Cada pipeta est\u00e1 calibrada seg\u00fan la norma ISO 8655 y se env\u00eda con certificados de prueba individuales. El material duradero ofrece una excelente resistencia a la temperatura y a los productos qu\u00edmicos. La secci\u00f3n inferior se puede esterilizar en autoclave. F\u00e1cil de desmontar y mantener. Incluye una herramienta para una f\u00e1cil calibraci\u00f3n.\" data-ved=\"2ahUKEwic9OfbsIiNAxULgoQIHTLOHxoQ3ewLegQIDBAV\"><span class=\"Y2IQFc\" lang=\"es\">*C\u00f3digos de color en la parte superior para identificar f\u00e1cilmente los diferentes rangos de volumen. <\/span><\/p>\n<p class=\"tw-data-text tw-text-large tw-ta\" dir=\"ltr\" data-placeholder=\"Traducci\u00f3n\" aria-label=\"Texto traducido: Aplicaciones t\u00edpicas: \u25cf Aspiraci\u00f3n y dispensaci\u00f3n precisas de muestras l\u00edquidas Caracter\u00edsticas: Su dise\u00f1o ergon\u00f3mico proporciona un buen agarre y, combinado con su peso ultraligero, permite un pipeteo sin fatiga. La baja fuerza requerida para el bot\u00f3n de control evita lesiones por esfuerzo repetitivo. El bot\u00f3n eyector, ubicado ergon\u00f3micamente, facilita la expulsi\u00f3n de la punta. Rango de volumen de dispensaci\u00f3n: 0,1 \u00b5l-10 ml. C\u00f3digos de color en la parte superior para identificar f\u00e1cilmente los diferentes rangos de volumen. La gran pantalla de volumen de 4 d\u00edgitos ofrece una alta precisi\u00f3n de hasta 0,002 \u00b5l. La ventana de visualizaci\u00f3n central facilita la lectura y el ajuste del volumen, tanto para zurdos como para diestros. El cono el\u00e1stico para puntas garantiza un sellado perfecto con las puntas y facilita su extracci\u00f3n. Cada pipeta est\u00e1 calibrada seg\u00fan la norma ISO 8655 y se env\u00eda con certificados de prueba individuales. El material duradero ofrece una excelente resistencia a la temperatura y a los productos qu\u00edmicos. La secci\u00f3n inferior se puede esterilizar en autoclave. F\u00e1cil de desmontar y mantener. Incluye una herramienta para una f\u00e1cil calibraci\u00f3n.\" data-ved=\"2ahUKEwic9OfbsIiNAxULgoQIHTLOHxoQ3ewLegQIDBAV\"><span class=\"Y2IQFc\" lang=\"es\">*La ventana de visualizaci\u00f3n central facilita la lectura y el ajuste del volumen, tanto para zurdos como para diestros. <\/span><\/p>\n<p class=\"tw-data-text tw-text-large tw-ta\" dir=\"ltr\" data-placeholder=\"Traducci\u00f3n\" aria-label=\"Texto traducido: Aplicaciones t\u00edpicas: \u25cf Aspiraci\u00f3n y dispensaci\u00f3n precisas de muestras l\u00edquidas Caracter\u00edsticas: Su dise\u00f1o ergon\u00f3mico proporciona un buen agarre y, combinado con su peso ultraligero, permite un pipeteo sin fatiga. La baja fuerza requerida para el bot\u00f3n de control evita lesiones por esfuerzo repetitivo. El bot\u00f3n eyector, ubicado ergon\u00f3micamente, facilita la expulsi\u00f3n de la punta. Rango de volumen de dispensaci\u00f3n: 0,1 \u00b5l-10 ml. C\u00f3digos de color en la parte superior para identificar f\u00e1cilmente los diferentes rangos de volumen. La gran pantalla de volumen de 4 d\u00edgitos ofrece una alta precisi\u00f3n de hasta 0,002 \u00b5l. La ventana de visualizaci\u00f3n central facilita la lectura y el ajuste del volumen, tanto para zurdos como para diestros. El cono el\u00e1stico para puntas garantiza un sellado perfecto con las puntas y facilita su extracci\u00f3n. Cada pipeta est\u00e1 calibrada seg\u00fan la norma ISO 8655 y se env\u00eda con certificados de prueba individuales. El material duradero ofrece una excelente resistencia a la temperatura y a los productos qu\u00edmicos. La secci\u00f3n inferior se puede esterilizar en autoclave. F\u00e1cil de desmontar y mantener. Incluye una herramienta para una f\u00e1cil calibraci\u00f3n.\" data-ved=\"2ahUKEwic9OfbsIiNAxULgoQIHTLOHxoQ3ewLegQIDBAV\"><span class=\"Y2IQFc\" lang=\"es\">*El cono el\u00e1stico para puntas garantiza un sellado perfecto con las puntas y facilita su extracci\u00f3n. <\/span><\/p>\n<p class=\"tw-data-text tw-text-large tw-ta\" dir=\"ltr\" data-placeholder=\"Traducci\u00f3n\" aria-label=\"Texto traducido: Aplicaciones t\u00edpicas: \u25cf Aspiraci\u00f3n y dispensaci\u00f3n precisas de muestras l\u00edquidas Caracter\u00edsticas: Su dise\u00f1o ergon\u00f3mico proporciona un buen agarre y, combinado con su peso ultraligero, permite un pipeteo sin fatiga. La baja fuerza requerida para el bot\u00f3n de control evita lesiones por esfuerzo repetitivo. El bot\u00f3n eyector, ubicado ergon\u00f3micamente, facilita la expulsi\u00f3n de la punta. Rango de volumen de dispensaci\u00f3n: 0,1 \u00b5l-10 ml. C\u00f3digos de color en la parte superior para identificar f\u00e1cilmente los diferentes rangos de volumen. La gran pantalla de volumen de 4 d\u00edgitos ofrece una alta precisi\u00f3n de hasta 0,002 \u00b5l. La ventana de visualizaci\u00f3n central facilita la lectura y el ajuste del volumen, tanto para zurdos como para diestros. El cono el\u00e1stico para puntas garantiza un sellado perfecto con las puntas y facilita su extracci\u00f3n. Cada pipeta est\u00e1 calibrada seg\u00fan la norma ISO 8655 y se env\u00eda con certificados de prueba individuales. El material duradero ofrece una excelente resistencia a la temperatura y a los productos qu\u00edmicos. La secci\u00f3n inferior se puede esterilizar en autoclave. F\u00e1cil de desmontar y mantener. Incluye una herramienta para una f\u00e1cil calibraci\u00f3n.\" data-ved=\"2ahUKEwic9OfbsIiNAxULgoQIHTLOHxoQ3ewLegQIDBAV\"><span class=\"Y2IQFc\" lang=\"es\">*Cada pipeta est\u00e1 calibrada seg\u00fan la norma ISO 8655 y se env\u00eda con certificados de prueba individuales. <\/span><\/p>\n<p class=\"tw-data-text tw-text-large tw-ta\" dir=\"ltr\" data-placeholder=\"Traducci\u00f3n\" aria-label=\"Texto traducido: Aplicaciones t\u00edpicas: \u25cf Aspiraci\u00f3n y dispensaci\u00f3n precisas de muestras l\u00edquidas Caracter\u00edsticas: Su dise\u00f1o ergon\u00f3mico proporciona un buen agarre y, combinado con su peso ultraligero, permite un pipeteo sin fatiga. La baja fuerza requerida para el bot\u00f3n de control evita lesiones por esfuerzo repetitivo. El bot\u00f3n eyector, ubicado ergon\u00f3micamente, facilita la expulsi\u00f3n de la punta. Rango de volumen de dispensaci\u00f3n: 0,1 \u00b5l-10 ml. C\u00f3digos de color en la parte superior para identificar f\u00e1cilmente los diferentes rangos de volumen. La gran pantalla de volumen de 4 d\u00edgitos ofrece una alta precisi\u00f3n de hasta 0,002 \u00b5l. La ventana de visualizaci\u00f3n central facilita la lectura y el ajuste del volumen, tanto para zurdos como para diestros. El cono el\u00e1stico para puntas garantiza un sellado perfecto con las puntas y facilita su extracci\u00f3n. Cada pipeta est\u00e1 calibrada seg\u00fan la norma ISO 8655 y se env\u00eda con certificados de prueba individuales. El material duradero ofrece una excelente resistencia a la temperatura y a los productos qu\u00edmicos. La secci\u00f3n inferior se puede esterilizar en autoclave. F\u00e1cil de desmontar y mantener. Incluye una herramienta para una f\u00e1cil calibraci\u00f3n.\" data-ved=\"2ahUKEwic9OfbsIiNAxULgoQIHTLOHxoQ3ewLegQIDBAV\"><span class=\"Y2IQFc\" lang=\"es\">*El material duradero ofrece una excelente resistencia a la temperatura y a los productos qu\u00edmicos. <\/span><\/p>\n<p class=\"tw-data-text tw-text-large tw-ta\" dir=\"ltr\" data-placeholder=\"Traducci\u00f3n\" aria-label=\"Texto traducido: Aplicaciones t\u00edpicas: \u25cf Aspiraci\u00f3n y dispensaci\u00f3n precisas de muestras l\u00edquidas Caracter\u00edsticas: Su dise\u00f1o ergon\u00f3mico proporciona un buen agarre y, combinado con su peso ultraligero, permite un pipeteo sin fatiga. La baja fuerza requerida para el bot\u00f3n de control evita lesiones por esfuerzo repetitivo. El bot\u00f3n eyector, ubicado ergon\u00f3micamente, facilita la expulsi\u00f3n de la punta. Rango de volumen de dispensaci\u00f3n: 0,1 \u00b5l-10 ml. C\u00f3digos de color en la parte superior para identificar f\u00e1cilmente los diferentes rangos de volumen. La gran pantalla de volumen de 4 d\u00edgitos ofrece una alta precisi\u00f3n de hasta 0,002 \u00b5l. La ventana de visualizaci\u00f3n central facilita la lectura y el ajuste del volumen, tanto para zurdos como para diestros. El cono el\u00e1stico para puntas garantiza un sellado perfecto con las puntas y facilita su extracci\u00f3n. Cada pipeta est\u00e1 calibrada seg\u00fan la norma ISO 8655 y se env\u00eda con certificados de prueba individuales. El material duradero ofrece una excelente resistencia a la temperatura y a los productos qu\u00edmicos. La secci\u00f3n inferior se puede esterilizar en autoclave. F\u00e1cil de desmontar y mantener. Incluye una herramienta para una f\u00e1cil calibraci\u00f3n.\" data-ved=\"2ahUKEwic9OfbsIiNAxULgoQIHTLOHxoQ3ewLegQIDBAV\"><span class=\"Y2IQFc\" lang=\"es\">*La secci\u00f3n inferior se puede esterilizar en autoclave. F\u00e1cil de desmontar y mantener. Incluye una herramienta para una f\u00e1cil calibraci\u00f3n.<\/span><\/p>\n","protected":false},"excerpt":{"rendered":"<p>Aplicaciones t\u00edpicas: \u25cf Aspiraci\u00f3n y dispensaci\u00f3n precisas de muestras l\u00edquidas Caracter\u00edsticas: *Su dise\u00f1o ergon\u00f3mico proporciona un buen agarre y, combinado con su peso ultraligero, permite un pipeteo sin fatiga. *La baja fuerza requerida para el bot\u00f3n de control evita lesiones por esfuerzo repetitivo. *El bot\u00f3n eyector, ubicado ergon\u00f3micamente, facilita la expulsi\u00f3n de la punta. *Rango &hellip;<\/p>\n<p class=\"read-more\"> <a class=\" thunk-readmore button \" href=\"https:\/\/www.mascolab.com\/proto\/producto\/micropipetas\/\"> <span class=\"screen-reader-text\">Micropipetas<\/span>Read More<\/a><\/p>\n","protected":false},"featured_media":2706,"comment_status":"open","ping_status":"closed","template":"","meta":[],"product_brand":[],"product_cat":[103],"product_tag":[],"class_list":{"0":"post-2701","1":"product","2":"type-product","3":"status-publish","4":"has-post-thumbnail","6":"product_cat-instrumentos","7":"thunk-woo-product-list","8":"th-shop-mania-woo-hover-","9":"open-single-product-tab-horizontal","10":"open-shadow-","11":"open-shadow-hover-","13":"first","14":"instock","15":"shipping-taxable","16":"purchasable","17":"product-type-variable","18":"add-to-wishlist-after_add_to_cart"},"_links":{"self":[{"href":"https:\/\/www.mascolab.com\/proto\/wp-json\/wp\/v2\/product\/2701","targetHints":{"allow":["GET"]}}],"collection":[{"href":"https:\/\/www.mascolab.com\/proto\/wp-json\/wp\/v2\/product"}],"about":[{"href":"https:\/\/www.mascolab.com\/proto\/wp-json\/wp\/v2\/types\/product"}],"replies":[{"embeddable":true,"href":"https:\/\/www.mascolab.com\/proto\/wp-json\/wp\/v2\/comments?post=2701"}],"wp:featuredmedia":[{"embeddable":true,"href":"https:\/\/www.mascolab.com\/proto\/wp-json\/wp\/v2\/media\/2706"}],"wp:attachment":[{"href":"https:\/\/www.mascolab.com\/proto\/wp-json\/wp\/v2\/media?parent=2701"}],"wp:term":[{"taxonomy":"product_brand","embeddable":true,"href":"https:\/\/www.mascolab.com\/proto\/wp-json\/wp\/v2\/product_brand?post=2701"},{"taxonomy":"product_cat","embeddable":true,"href":"https:\/\/www.mascolab.com\/proto\/wp-json\/wp\/v2\/product_cat?post=2701"},{"taxonomy":"product_tag","embeddable":true,"href":"https:\/\/www.mascolab.com\/proto\/wp-json\/wp\/v2\/product_tag?post=2701"}],"curies":[{"name":"wp","href":"https:\/\/api.w.org\/{rel}","templated":true}]}}